t) = 5*t**3 - t**2 - 10*t - 1. Is j(6) prime?
True
Let b(k) = -12*k**2 + 93*k + 4. Let a(y) = 11*y**2 - 93*y - 3. Let l(g) = 6*a(g) + 5*b(g). Is l(27) composite?
True
Let o(x) be the third derivative of 1/12*x**5 - 3*x**2 - 1/3*x**3 + 7/12*x**4 + 0*x + 0. Is o(-6) composite?
True
Let m(y) = -3*y**3 - 159*y**2 - 39*y - 92. Is m(-61) a prime number?
True
Let g = 29483 - 7114. Is g composite?
False
Let t = 30 + 1. Let l(m) = 4 + 21*m**3 + 28*m**2 + 0*m + 3*m + 0*m - t*m**2. Is l(3) composite?
True
Let d(k) = -k**3 + 2*k + 7. Let z be d(0). Suppose -z + 28 = 3*n. Is n prime?
True
Let t be -5*((-7046)/(-8) - (-3)/12). Let x = 6596 + t. Is x a prime number?
False
Let q(z) = 4*z**3 - 27*z**2 + 48*z + 29. Is q(20) prime?
True
Let h(z) = -z**2 + 4*z**2 + 7*z**2 - 5*z**2 - 12*z + 15. Let r be h(-12). Suppose -r = -8*l + 5*l. Is l prime?
True
Suppose -8*l + 3*l - 4*t - 1714 = 0, 340 = -l + 2*t. Let y = 715 + l. Is y composite?
False
Is 0 - 10904/(-12) - (-50)/(-30) prime?
True
Let l be (18/(-21))/(3/21). Let y(j) = -72*j - 41. Let i(g) = -36*g - 21. Let b(d) = -7*i(d) + 4*y(d). Is b(l) a composite number?
False
Suppose -4*z = -6*z - 2844. Let r = z - -2531. Is r a prime number?
True
Suppose 4*n = 6*n - 42878. Is n composite?
True
Let o(t) be the first derivative of t**7/840 - t**6/72 - t**5/60 - 5*t**4/12 + t**3/3 - 3. Let f(p) be the third derivative of o(p). Is f(7) composite?
True
Suppose g = 5*n - 53184, 6*n - 3*n - 31906 = 5*g. Is n prime?
False
Suppose 0 = -0*y + 3*y - 12. Suppose 0 = -4*p + 4 + y. Suppose 2*g + 268 = p*o, -5*o - 2*g + 649 = -0*g. Is o a prime number?
True
Let j(x) = x + 2. Let p be j(-4). Let i be 12/6 + (-9300)/p. Suppose -5*u + i = 4*o + 931, 3*o = -u + 742. Is u composite?
True
Let l(s) = 777*s**2 + 16*s - 2. Is l(3) a prime number?
True
Let t = 764 + -567. Suppose 276 + 172 = -4*b. Let v = t + b. Is v prime?
False
Let a = 4297 - 3048. Is a composite?
False
Suppose 2*j + 10 + 2 = 0. Let m be (13 + -7)*(-20)/j. Is m/(-4)*(-74)/10 a prime number?
True
Suppose -10495 = -14*f + 9*f. Is f composite?
False
Let p be (-16)/(-72) - 104/(-18). Suppose -p = 5*v + 19. Is ((-174)/v)/((-4)/(-10)) composite?
True
Let s be 1/2*(3 + -1) + -13. Let m = s - -161. Is m a prime number?
True
Let y = -1281 + 4852. Is y prime?
True
Suppose 18 = -4*d - 14. Let r(c) = -c - 8. Let w be r(d). Suppose -3*m + 7 = h - 15, h - m - 42 = w. Is h a composite number?
False
Let j(i) = -1389*i - 79. Is j(-10) a composite number?
True
Let w = -4488 + 9749. Is w composite?
False
Suppose -2*v = 2*s - 213 - 939, -2307 = -4*v - s. Suppose 5*z - 2*i - v = 1629, 0 = -4*i + 8. Is (-1)/(2/z*-1) a prime number?
False
Let w(o) = 4*o**2 - 6*o + 4. Let x(n) = -n**2 - 5*n + 2. Let m be x(-4). Let k be w(m). Suppose -45 = -c + k. Is c a prime number?
True
Let t = 43 - 31. Let b = -8 + t. Suppose 5*q + 300 = 5*h, h + 0*q + b*q - 55 = 0. Is h composite?
False
Let a be (-3 + 4 + -4)*-1. Suppose -a*w - 893 + 2645 = x, -w - 4*x = -595. Is w a prime number?
False
Is 1*(14/2 - -26082) prime?
False
Let i be 4 + (-2 + 10 - 2). Is (-2 - 252)/(i/(-5)) composite?
False
Suppose m - 9 = -2*m. Suppose m + 5 = -4*a, -3*x - 3*a + 663 = 0. Is x a composite number?
False
Let s(f) = 13982*f + 55. Is s(2) prime?
True
Suppose 7 = 3*r - 8. Suppose -3781 = -3*t + a, -2*a + 3*a - 6291 = -r*t. Is t prime?
True
Let i(g) = -g**2 + 8*g + 2. Let r = -6 - -14. Let b be i(r). Suppose -3*h = d - 47, b*h + 94 = 4*d - 52. Is d prime?
False
Suppose 0 = 8*x - 9*x - 4*f + 4237, -x + 3*f + 4258 = 0. Is x composite?
True
Let j(y) = -12*y + 2. Let k be j(-4). Let a = k + 37. Is a prime?
False
Suppose -1748844 = -66*u - 358950. Is u prime?
True
Let y(o) = 12*o**2 - 11*o + 71. Is y(-12) composite?
False
Let k = 24 + -23. Let z = 2 + k. Is ((-181)/(-1))/(1/z) composite?
True
Suppose -5*a + 2*w - w = -24, 0 = -5*a - 5*w + 30. Suppose 2*q = a*q. Suppose -4*l - l + 335 = q. Is l composite?
False
Let x(i) = -5326*i - 9. Is x(-1) a prime number?
False
Let s = -15342 + 35629. Is s a composite number?
False
Let p = -22812 + 64843. Is p a prime number?
False
Suppose -284 = -3*m + 313. Let q = -593 - -483. Let r = m + q. Is r composite?
False
Suppose 2*f = 5*k + 466, -2*k - 458 = -2*f + k. Is f a composite number?
False
Let z(w) = 52 + 73*w**2 - 115 - 6*w + 37. Is z(-5) prime?
False
Suppose -5*x = 3*t + 22, 5*t + 3*x + 6 + 20 = 0. Let f be 2081 + 6 + t - 1. Suppose 4*d = -166 + f. Is d a composite number?
False
Let y be 4/38 - (-1212)/38. Suppose y = -2*f + 244. Is f a prime number?
False
Suppose -24*d - 11344 = -51112. Is d a prime number?
True
Let w(k) = -56*k + 7. Let p = -10 + -2. Is w(p) prime?
False
Let i be 2/4*79*102. Let h = i + -2296. Is h prime?
True
Let p = -1219 + 1860. Suppose h - 516 = p. Is h prime?
False
Is (-3 + 3 + 6779)/1 a composite number?
False
Let d = 56 - 52. Is (-13)/52 - (-205)/d prime?
False
Let o = 459 + -260. Suppose o = 2*k - k. Is k a composite number?
False
Let w(t) = -t**3 - 3*t**2 + 25*t + 43391. Is w(0) a composite number?
False
Suppose 0 = 4*s - 2811 - 50953. Is s a composite number?
False
Let q = -31 - -13. Let o(r) = -151*r - 24. Let t be o(q). Suppose 0*y + 6*y = t. Is y prime?
True
Let s(r) be the third derivative of r**5/60 + r**4/3 - 7*r**3/6 + 5*r**2. Let k be 8 + (-1 - (3 - 2)). Is s(k) a prime number?
False
Suppose 30 - 6 = 6*n. Suppose -n*a + 19 - 3 = 0. Suppose a*b - 35 = -3*h + 150, 0 = 2*h + 3*b - 122. Is h prime?
True
Let j be (-1)/(-1 - 0)*12. Suppose 4*k - k - j = 0. Is ((-113)/k)/(3/(-12)) a prime number?
True
Let t = -63 + 66. Suppose 0 = 4*x - 5*m - 2333, -2*x + 731 = t*m - 452. Is x a prime number?
True
Suppose 4*r + 51492 = r. Is (7/(-2) - -3)/(2/r) a prime number?
False
Suppose 27*t = 25*t + 1618. Is t prime?
True
Let s(p) = -p**3 - 18*p**2 - p - 20. Let t be s(-18). Let r(f) = 0 + 15*f - 41*f - 1. Is r(t) prime?
False
Suppose -4*s + s - 2*i = -6, -3*s = 5*i - 15. Let b(g) = s + 51*g**2 + 7 - 5*g - 6. Is b(4) prime?
True
Let c be ((-8)/5)/(2/10). Let i = c - -585. Suppose 4*a = r + i, 0*r - 6 = -2*r. Is a a prime number?
False
Let b(a) = -11760*a**3 + 2*a**2 + 4*a + 3. Is b(-1) composite?
True
Suppose 113 + 35 = 4*a. Suppose -2*r - a = -41. Is r prime?
True
Let k = -4 - -7. Let j = -253 + 421. Suppose -2*n + j = 3*g - 5*n, -g - k*n = -44. Is g prime?
True
Let j(c) = -157*c + 1. Let k(m) be the first derivative of 39*m**2 - m - 4. Let t(i) = -6*j(i) - 11*k(i). Is t(3) prime?
True
Suppose 4*l - 5*l - 2*k = -88291, 3*l - 264872 = -5*k. Is l a composite number?
False
Let d(m) = -2*m**3 + 4*m**2 + 2*m - 23. Let x(v) = -3*v - 10. Let f be x(0). Is d(f) a composite number?
False
Let w = 53 - 39. Is w composite?
True
Suppose 3663 = 4*g - 15161. Let h = g + -3265. Let k = h - 864. Is k a prime number?
True
Suppose -2*y + 5*y - 15 = 0. Let h = 1 + y. Suppose h*m = 961 + 1061. Is m a composite number?
False
Suppose 4*z - 5*w - 71846 = 0, z - 17961 = 22*w - 21*w. Is z a composite number?
False
Suppose -3*p - 3*u - 789 - 1686 = 0, -2*u = 4*p + 3296. Let n = -502 - p. Is n a prime number?
False
Let u(c) = 6*c**2 - 11*c + 31. Is u(10) a composite number?
False
Suppose 3*z - 7765 - 2402 = 0. Is z a composite number?
False
Let k = 34183 + -21282. Is k/49 + 3*6/(-63) prime?
True
Suppose -3*p - 2*m - 3*m - 1 = 0, 5*m - 5 = 0. Is -6 - 55/(-10) - 3603/p a composite number?
False
Let m(y) = y**3 - 3*y**2 - 5*y + 4. Let h be m(4). Suppose 7 = -h*l + l. Suppose l*o = 4*o + 987. Is o a composite number?
True
Let u be -2*5/(10/4). Let j = 2 - u. Let o(y) = 41*y + 5. Is o(j) a composite number?
False
Is -4 + (-14)/(-2) - -4504 prime?
True
Let p = -2007 - -3994. Is p composite?
False
Suppose 20*g - 9542 = -v + 15*g, 4*v - 2*g = 38102. Is v composite?
True
Suppose -2*d + 931 - 318 = f, -3*f + 921 = 3*d. Suppose 1296 = 6*a - d. Is a a prime number?
False
Suppose 18165 = 2*a + 2887. Is a a prime number?
True
Let a(s) = 1128*s - 11. Let o be a(-4). Is 2/5 - o/5 a composite number?
True
Suppose -2*o + 5144 = m, m + 0*m - 2571 = -o. Let h = -1806 + o. Is h prime?
False
Suppose 0 = -21*b - 19*b + 938360. Is b prime?
True
Suppose -4*i - 16 = -s, 2*s + i + 0*i = 5. Suppose -4*z = g - 69, -s*z - 322 = -5*g - z. Let a = 76 + g. Is a a composite number?
True
Let w = -38 - -21. Let t = w + 10. Let j = 24 - t.